t is the remainder when 289 is divided by 16?
1
Calculate the remainder when 2360 is divided by 9.
2
Calculate the remainder when 525 is divided by 232.
61
What is the remainder when 110 is divided by 48?
14
Calculate the remainder when 574 is divided by 470.
104
Calculate the remainder when 103 is divided by 31.
10
Calculate the remainder when 570 is divided by 41.
37
Calculate the remainder when 979 is divided by 74.
17
What is the remainder when 160 is divided by 14?
6
Calculate the remainder when 351 is divided by 126.
99
Calculate the remainder when 814 is divided by 198.
22
What is the remainder when 964 is divided by 295?
79
What is the remainder when 500 is divided by 195?
110
Calculate the remainder when 133 is divided by 41.
10
Calculate the remainder when 556 is divided by 13.
10
What is the remainder when 94 is divided by 35?
24
Calculate the remainder when 9574 is divided by 114.
112
Calculate the remainder when 317 is divided by 110.
97
What is the remainder when 21070 is divided by 41?
37
Calculate the remainder when 1006 is divided by 6.
4
What is the remainder when 255 is divided by 54?
39
What is the remainder when 427 is divided by 10?
7
Calculate the remainder when 288 is divided by 103.
82
Calculate the remainder when 905 is divided by 151.
150
What is the remainder when 1527 is divided by 110?
97
Calculate the remainder when 2080 is divided by 55.
45
Calculate the remainder when 403 is divided by 103.
94
Calculate the remainder when 236 is divided by 39.
2
Calculate the remainder when 646 is divided by 72.
70
Calculate the remainder when 252 is divided by 51.
48
What is the remainder when 727 is divided by 14?
13
What is the remainder when 346 is divided by 65?
21
What is the remainder when 364 is divided by 166?
32
What is the remainder when 1171 is divided by 158?
65
Calculate the remainder when 692 is divided by 173.
0
What is the remainder when 304 is divided by 73?
12
Calculate the remainder when 1887 is divided by 143.
28
What is the remainder when 137 is divided by 49?
39
Calculate the remainder when 94 is divided by 28.
10
What is the remainder when 83 is divided by 24?
11
What is the remainder when 304 is divided by 62?
56
Calculate the remainder when 77 is divided by 31.
15
Calculate the remainder when 959 is divided by 21.
14
What is the remainder when 152 is divided by 32?
24
What is the remainder when 1034 is divided by 26?
20
Calculate the remainder when 740 is divided by 262.
216
What is the remainder when 920 is divided by 458?
4
What is the remainder when 86 is divided by 38?
10
What is the remainder when 4290 is divided by 58?
56
What is the remainder when 223 is divided by 88?
47
Calculate the remainder when 2329 is divided by 64.
25
What is the remainder when 426 is divided by 80?
26
Calculate the remainder when 316 is divided by 257.
59
What is the remainder when 221 is divided by 32?
29
Calculate the remainder when 699 is divided by 229.
12
Calculate the remainder when 1713 is divided by 240.
33
What is the remainder when 250 is divided by 91?
68
Calculate the remainder when 102 is divided by 25.
2
Calculate the remainder when 156 is divided by 27.
21
What is the remainder when 767 is divided by 10?
7
What is the remainder when 401 is divided by 395?
6
What is the remainder when 188 is divided by 183?
5
Calculate the remainder when 114 is divided by 65.
49
Calculate the remainder when 272 is divided by 96.
80
Calculate the remainder when 110 is divided by 67.
43
Calculate the remainder when 334 is divided by 122.
90
Calculate the remainder when 878 is divided by 289.
11
Calculate the remainder when 368 is divided by 6.
2
Calculate the remainder when 4323 is divided by 25.
23
What is the remainder when 56 is divided by 16?
8
What is the remainder when 249 is divided by 244?
5
Calculate the remainder when 218 is divided by 22.
20
Calculate the remainder when 187 is divided by 1.
0
Calculate the remainder when 1130 is divided by 17.
8
What is the remainder when 39841 is divided by 14?
11
Calculate the remainder when 178 is divided by 34.
8
Calculate the remainder when 1624 is divided by 402.
16
What is the remainder when 21 is divided by 11?
10
Calculate the remainder when 3453 is divided by 16.
13
What is the remainder when 113 is divided by 29?
26
What is the remainder when 1313 is divided by 14?
11
What is the remainder when 3682 is divided by 38?
34
Calculate the remainder when 189 is divided by 100.
89
Calculate the remainder when 63 is divided by 32.
31
Calculate the remainder when 144 is divided by 49.
46
Calculate the remainder when 159 is divided by 39.
3
Calculate the remainder when 145 is divided by 51.
43
Calculate the remainder when 18796 is divided by 13.
11
Calculate the remainder when 64 is divided by 36.
28
Calculate the remainder when 126 is divided by 29.
10
Calculate the remainder when 10294 is divided by 66.
64
What is the remainder when 119 is divided by 75?
44
Calculate the remainder when 67 is divided by 62.
5
What is the remainder when 9270 is divided by 19?
17
What is the remainder when 475 is divided by 124?
103
Calculate the remainder when 366 is divided by 87.
18
What is the remainder when 8610 is divided by 11?
8
What is the remainder when 2518 is divided by 13?
9
Calculate the remainder when 889 is divided by 7.
0
What is the remainder when 41 is divided by 18?
5
Calculate the remainder when 260 is divided by 43.
2
Calculate the remainder when 524 is divided by 5.
4
Calculate the remainder when 111 is divided by 32.
15
Calculate the remainder when 852 is divided by 57.
54
What is the remainder when 890 is divided by 44?
10
What is the remainder when 15 is divided by 9?
6
What is the remainder when 3432 is divided by 17?
15
Calculate the remainder when 69 is divided by 54.
15
What is the remainder when 379 is divided by 76?
75
Calculate the remainder when 88 is divided by 22.
0
What is the remainder when 314 is divided by 91?
41
Calculate the remainder when 6413 is divided by 31.
27
Calculate the remainder when 5074 is divided by 36.
34
What is the remainder when 59 is divided by 2?
1
Calculate the remainder when 16 is divided by 14.
2
Calculate the remainder when 147 is divided by 27.
12
What is the remainder when 5639 is divided by 30?
29
Calculate the remainder when 214 is divided by 108.
106
What is the remainder when 2706 is divided by 270?
6
What is the remainder when 359 is divided by 87?
11
Calculate the remainder when 341 is divided by 38.
37
What is the remainder when 1130 is divided by 103?
100
What is the remainder when 4131 is divided by 36?
27
Calculate the remainder when 143 is divided by 119.
24
What is the remainder when 322 is divided by 44?
14
What is the remainder when 10458 is divided by 20?
18
Calculate the remainder when 228 is divided by 176.
52
What is the remainder when 1271 is divided by 128?
119
What is the remainder when 14571 is divided by 113?
107
Calculate the remainder when 887 is divided by 37.
36
Calculate the remainder when 42031 is divided by 16.
15
Calculate the remainder when 78 is divided by 21.
15
Calculate the remainder when 2702 is divided by 52.
50
What is the remainder when 790 is divided by 33?
31
Calculate the remainder when 201 is divided by 68.
65
Calculate the remainder when 736 is divided by 88.
32
What is the remainder when 147 is divided by 33?
15
What is the remainder when 492 is divided by 79?
18
Calculate the remainder when 2123 is divided by 354.
353
What is the remainder when 3779 is divided by 84?
83
Calculate the remainder when 313 is divided by 64.
57
Calculate the remainder when 82 is divided by 30.
22
Calculate the remainder when 2387 is divided by 45.
2
Calculate the remainder when 428 is divided by 11.
10
What is the remainder when 1355 is divided by 57?
44
What is the remainder when 1099 is divided by 1095?
4
What is the remainder when 8937 is divided by 149?
146
What is the remainder when 101 is divided by 13?
10
Calculate the remainder when 8461 is divided by 21.
19
What is the remainder when 29759 is divided by 155?
154
What is the remainder when 187 is divided by 32?
27
What is the remainder when 55 is divided by 17?
4
What is the remainder when 446 is divided by 27?
14
What is the remainder when 592